 (-28)/(-10))?
False
Suppose -a = -4*a + 120. Suppose -2*f - 5*l + a = 0, -5*f + 2*l - 17 = -59. Is 8/f + 26/5 a multiple of 2?
True
Suppose 4*f - 5*f + 6 = 0. Suppose -2*h + 36 = -5*m, -2*m + 4*m = 4. Let r = h - f. Is 16 a factor of r?
False
Suppose -4948 = -16*b + 3628. Is 16 a factor of b?
False
Let v be (1/(-2))/((-19)/(-228)). Let b(w) = -3 + w**3 + 6*w - 4 + 2 + 3 + 8*w**2. Does 23 divide b(v)?
False
Suppose -4*s - 2*k = -2873 + 71, -5*k + 3490 = 5*s. Is 37 a factor of s?
True
Let o be 3572/36 + (-2)/9. Suppose 4*m + o = m. Let r = -16 - m. Is 17 a factor of r?
True
Suppose 0*q + 5*q - 10 = 0. Is 19 a factor of (2 - 1)/(q/494)?
True
Suppose 66*v + 61296 = 90*v. Does 10 divide v?
False
Let z(x) = x**2 - 9*x - 16. Let y be z(10). Is (-3)/y*0 - (-72 - -1) a multiple of 10?
False
Let v = -25 + 25. Suppose -2*t - i = 4*i - 20, v = 4*t - 5*i - 10. Is 21 a factor of 87*(20/6)/t?
False
Suppose -q - 5 = -2*q, 5*p - 4*q + 95 = 0. Does 17 divide (-441)/p + (-4)/10?
False
Let d = -161 - -378. Is 34 a factor of d?
False
Suppose -5*z = -9*z + f + 2763, 0 = -2*z - 3*f + 1371. Does 30 divide z?
True
Suppose -3*m = 4*d - 21, -3*m = -0*d - 4*d - 45. Let a = m - 5. Is 3 a factor of a?
True
Suppose 84*q - 1346 = 82*q. Is q a multiple of 15?
False
Suppose -r + 596 = 3*f - 3*r, 3 = -3*r. Is 66 a factor of f?
True
Let l(w) = 759*w**2 + 4*w - 370*w**2 - 7 - 382*w**2 - w**3. Let a = 10 + -3. Is 21 a factor of l(a)?
True
Suppose -5*g + 23 + 17 = 0. Suppose -g*q + 34 + 62 = 0. Does 6 divide q?
True
Suppose 5*w = -14 - 46. Is 3/w - 189/(-4) a multiple of 12?
False
Let z = 45 - -121. Let n = z + 5. Does 19 divide n?
True
Let f = 653 + -298. Does 13 divide f?
False
Let z = 72 + -68. Is z - 7 - 157/(-1) a multiple of 11?
True
Let j = -3 - 5. Let h(r) = r**2 + 5*r. Let o be h(j). Suppose 3*w - o = -0*w. Is w a multiple of 8?
True
Suppose 3*z = -2*y + 1467, 2*z - 985 = -0*y + y. Is 10 a factor of z?
False
Let y be (-6)/(-8) + (-5)/(-4). Suppose 2*o - y = 0, 0 = -3*w - 6*o + 3*o + 45. Is 5 a factor of w?
False
Let d = 494 - -107. Does 21 divide d?
False
Suppose -4*p + 31 = -317. Let r = 480 + -479. Let t = p - r. Is 19 a factor of t?
False
Let j(l) = -7*l + 42. Does 36 divide j(-30)?
True
Let b(q) = -q - 6. Let x be b(-9). Suppose 3*v + x*s = s + 174, -53 = -v + s. Is 8 a factor of v?
True
Suppose -54*g + 72*g - 12636 = 0. Is g a multiple of 54?
True
Let k(q) = q**3 - 6*q**2 - 15*q - 18. Does 10 divide k(9)?
True
Let m = 15 + -11. Suppose m*x = 89 - 29. Suppose 0 = -y + x + 1. Is y a multiple of 14?
False
Suppose 5*y + 3*n = n + 1247, -3*n = -3*y + 744. Is y a multiple of 7?
False
Suppose 2*y - 4*l - 8 = 0, -2*l = 4*y - 0*l - 46. Is (-8)/y - 388/(-10) a multiple of 38?
True
Let u(x) = -10*x**3 - 2*x**2 - x + 4. Let k be u(-3). Suppose 329 + k = 7*h. Is h a multiple of 12?
True
Let a be (3 - 0)/3 + -1. Let l(x) = -x**2 + 22*x + 3. Let f be l(22). Suppose -f = -3*u, 0 = -4*h - a*h + 2*u + 358. Is 30 a factor of h?
True
Let d be 88/7 + (60/35)/(-3). Let r(t) = t**3 + 7*t**2 + 5*t - 2. Let w be r(-6). Suppose d = -z + 2*z + f, z - 27 = w*f. Does 15 divide z?
True
Suppose -17*q = -4*q - 7059. Is 51 a factor of q?
False
Let d(b) = b + 480. Let o be d(0). Suppose 4*n - o = -2*c, 2*c - 68 = n - 193. Let v = -75 + n. Does 23 divide v?
True
Let t(w) = -56*w - 125. Is 27 a factor of t(-6)?
False
Let d(m) be the first derivative of 4*m + 1 - 4*m**2 + 1/3*m**3. Is 2 a factor of d(8)?
True
Let t(o) = 11*o + 18. Let n be t(6). Let z = -60 + n. Is 8 a factor of z?
True
Suppose -6*c - 9488 = 4264. Is 19 a factor of c/(-14) - (-3)/(105/10)?
False
Suppose 3*j - 3113 = -3011. Is j a multiple of 2?
True
Let s = 9 - 10. Let z = s + 6. Suppose -5*n = -2*n + z*i - 59, -n + 21 = 2*i. Is n a multiple of 13?
True
Let a = -430 - -438. Is 2 a factor of a?
True
Suppose 0 = 7*o - 4*o - 6. Suppose -25 = -5*m, f - m - 6 = -o*m. Is (20 - f) + 6 + -3 a multiple of 11?
True
Suppose 24 = -o + 5*o. Let g be -1*o/2 - -5. Suppose 63 = 5*k - g*h, 2*h = -2*k + 33 - 5. Is 3 a factor of k?
False
Suppose k + 18 = 6. Let m be (-284)/(-10) - k/(-30). Suppose w = -0*w + m. Is w a multiple of 13?
False
Let l(k) be the third derivative of k**6/120 - k**5/12 + k**4/24 - k**3/3 - 7*k**2. Let y be l(5). Is 6 a factor of 18 + (-2)/(y - 5)?
False
Suppose 2*p - 3*c + 32 = 0, 5*p + 44 = 2*c - 58. Let n be p/(-6) + (-2)/3. Suppose -n*h - 14 + 38 = 0. Is h a multiple of 3?
False
Let w(c) be the first derivative of 15*c**3 + c**2 + c - 9. Does 11 divide w(-1)?
True
Let z = 730 - 140. Is z a multiple of 10?
True
Suppose 3*w + 5020 = 5*w + 5*q, 7496 = 3*w - q. Does 21 divide w?
False
Suppose 2*m + m - v - 1173 = 0, m = -3*v + 401. Suppose 140 = -7*a + m. Does 6 divide a?
True
Is 41 a factor of 3198/4*(-24)/(-36)?
True
Let x = -32 + 1. Let u = x - -43. Suppose -7 = y - u. Does 2 divide y?
False
Suppose 5*o - 4145 = j, 4*o - 4*j - 2994 - 306 = 0. Is 39 a factor of o?
False
Let b(u) = -5*u**2 + 2*u + 3. Let d(n) = n**2 + n - 1. Let y(v) = -b(v) - 4*d(v). Let t be y(6). Let o = 32 - t. Is o a multiple of 9?
False
Let g = -126 - -129. Suppose 2*l - 136 = -0*l - g*v, -4*l - 2*v = -264. Is 10 a factor of l?
False
Let w(d) = 6*d - 12. Let b be w(0). Let p = -7 - b. Does 4 divide p?
False
Suppose 5*g - 5*z - 220 = 0, -30 - 33 = -2*g - 3*z. Suppose -v = -3 + 11. Let i = v + g. Does 9 divide i?
False
Let d(v) = -2*v + 44. Let s be d(26). Does 8 divide ((-33)/(-12))/(-1*2/s)?
False
Is 3 a factor of 6431/7 - (-4)/140*10?
False
Let n(k) = 2*k**3 + 5*k**2 + k - 3. Let v be n(-3). Let a = v - -13. Is (-6 + -4)/(1/a) a multiple of 15?
False
Let o(g) be the first derivative of -2*g**3/3 - 4*g**2 + 12*g - 6. Let l be o(-5). Is (-8)/(-1) + l - -2 even?
True
Let v be -8 - 0/8 - 24. Let o = -1 - -5. Let y = o - v. Is 9 a factor of y?
True
Let u = -1855 - -2677. Does 18 divide u?
False
Let p(s) = s**3 - 15*s**2 + 13*s + 3. Let y be p(14). Let k(v) = 3*v + v**2 + 2*v**2 + 5 - 2*v**2 + 3*v. Is k(y) a multiple of 16?
False
Suppose 6088 = 23*f - 3894. Is f a multiple of 24?
False
Let l(h) be the second derivative of -h**3 + 19*h**2/2 - 8*h. Is 14 a factor of l(-6)?
False
Suppose -194*g + 183*g = -1496. Does 19 divide g?
False
Let f(m) = m - 1. Let b(l) = -12*l + 5. Let t(s) = b(s) - 3*f(s). Let y(x) = -1. Let a(d) = -t(d) - 6*y(d). Does 13 divide a(1)?
True
Let x be (0 - -2)/(-3 + 1). Let t be (2 + x)*(63 + 7). Suppose h + 4*h = t. Is 7 a factor of h?
True
Let y = -11 + 15. Suppose y*q + 1 = -4*o + 3*q, -4*q - 4 = -2*o. Suppose o = -3*j + 15, 0 = 2*m - j - j - 4. Is m a multiple of 6?
False
Let j = 191 - -86. Is 5 a factor of j?
False
Let o(g) = 32 - g - 62 - 15*g. Is 14 a factor of o(-8)?
True
Let o(s) = -s**2 + 6*s. Let k be o(5). Let z(q) = q**3 - 4*q**2 + 5*q + 12. Is z(k) a multiple of 16?
False
Is 23 a factor of (1 - (2 + 20/(-4))) + 179?
False
Let z(k) = -19*k + 2. Let o be z(-1). Suppose 4*l + o = 5*l. Does 5 divide l?
False
Suppose 2*v = 5*m + 127, -6*m + 10*m - 118 = -2*v. Is 2 a factor of v?
False
Suppose 3*p - 8 = -2. Suppose p = -3*j + 2*j, 5*k - 90 = 5*j. Suppose k = 4*d - 36. Is d a multiple of 13?
True
Suppose 7*k = -0*k + 504. Is k a multiple of 32?
False
Let n be 5/(-3)*(4 - 7) + -2. Suppose -139 = -n*x + p, x + 2*p + 0*p = 44. Is x a multiple of 5?
False
Let l(j) = j - 4. Let x be l(4). Suppose -5*r - 2*p = -1339, 1062 = 4*r - x*p - 3*p. Let h = r + -155. Does 14 divide h?
True
Let x(k) = 21*k + 63. Is 23 a factor of x(9)?
False
Let f(q) = q**3 - 13*q**2 - 11*q - 13. Let i be f(14). Suppose 2*z + 3*s - i + 11 = 0, -4*z + 14 = -5*s. Does 2 divide z?
True
Let i(p) be the third derivative of p**6/360 + 4*p**4/3 - 13*p**3/6 + 11*p**2. Let h(t) be the first derivative of i(t). Does 5 divide h(0)?
False
Let b(j) = -j + 28. Suppose -2*n + z - 6*z + 14 = 0, 2*n - 2*z + 14 = 0. Is b(n) a multiple of 31?
True
Let f(r) = 3*r**2 - 3*r - 13. Let q(z) = -z**2. Let g(u) = -u - 6. Let a(p) = g(p) - q(p). Let t(i) = -5*a(i) + 2*f(i). Is t(-4) a multiple of 12?
True
Suppose 0 = -0*o - 5*o + 4*b + 3226, 5*o = -b + 3206. Does 29 divide o?
False
Let n = -36 - -65. Let y(x) = 3*x + 12. Is y(n) a multiple of 33?
True
Let i = 385 - -91. Does 7 divide i?
True
Suppose -2*i + 7 + 1 = 0. Suppose 0*z + z + 6 = x, -5*x + i*z = -30. Is 2 a factor of x?
True
Suppos